{"id":456,"date":"2025-02-21T15:03:43","date_gmt":"2025-02-21T15:03:43","guid":{"rendered":"http:\/\/nueva.argeneticsar.com.ar\/?product=panel-de-miocardiopatias"},"modified":"2025-02-21T15:03:43","modified_gmt":"2025-02-21T15:03:43","slug":"panel-de-miocardiopatias","status":"publish","type":"product","link":"https:\/\/argeneticsar.com.ar\/?product=panel-de-miocardiopatias","title":{"rendered":"Panel de miocardiopatias"},"content":{"rendered":"<p>Cardiomiopat\u00eda ventricular derecha arritmog\u00e9nica, Cardiomiopat\u00eda dilatada, Amiloidosis hereditaria mediada por transtiretina, Cardiomiopat\u00eda Hipertr\u00f3fica, No compactaci\u00f3n ventricular izquierda, S\u00edndromes de Rasopatias, Desordenes del espectro Noonan, Cardiomiopat\u00eda restrictiva<\/p>\n","protected":false},"excerpt":{"rendered":"<p>NGS<\/p>\n","protected":false},"featured_media":0,"comment_status":"open","ping_status":"closed","template":"","meta":[],"product_brand":[],"product_cat":[809,140],"product_tag":[223,188,224,225,226,227,228,229,230,231,232,233,234,191,235,198,236,237,238,239,240,241,242,243,244,245,246,247,248,249,250,251,252,253,254,255,256,257,258,259,260,262,263,264,261,265,165,266,267,268,269,270,272,271,273,274,275,276,277,69,278,279,169,280,281,282,283,284,285,286,287,288,289,290,291,292,293,40,294,295,296,297,299,300,298,210,301,302,303,304,305,306,307,308,309,310,311,312,313,314,315,212,218,121,316,318,317,319,320,130,321,322,323,324,325,326,327,328,330,329,331,332,333,334,335,336],"class_list":{"0":"post-456","1":"product","2":"type-product","3":"status-publish","5":"product_cat-cardiologia","6":"product_cat-g-cardio","7":"product_tag-a2ml1","8":"product_tag-abcc9","9":"product_tag-acadvl","10":"product_tag-actb","11":"product_tag-actc1","12":"product_tag-actg1","13":"product_tag-actn2","14":"product_tag-agl","15":"product_tag-alms1","16":"product_tag-alpk3","17":"product_tag-ankrd1","18":"product_tag-bag3","19":"product_tag-braf","20":"product_tag-cacna1c","21":"product_tag-calr3","22":"product_tag-cav3","23":"product_tag-cbl","24":"product_tag-cdh2","25":"product_tag-chrm2","26":"product_tag-cpt2","27":"product_tag-cryab","28":"product_tag-csrp3","29":"product_tag-ctf1","30":"product_tag-ctnna3","31":"product_tag-des","32":"product_tag-dmd","33":"product_tag-dnajc19","34":"product_tag-dolk","35":"product_tag-dsc2","36":"product_tag-dsg2","37":"product_tag-dsp","38":"product_tag-dtna","39":"product_tag-elac2","40":"product_tag-emd","41":"product_tag-eya4","42":"product_tag-fhl1","43":"product_tag-fhl2","44":"product_tag-fkrp","45":"product_tag-fktn","46":"product_tag-flnc","47":"product_tag-gaa","48":"product_tag-gata4","49":"product_tag-gata6","50":"product_tag-gatad1","51":"product_tag-gla","52":"product_tag-hand1","53":"product_tag-hcn4","54":"product_tag-hras","55":"product_tag-ilk","56":"product_tag-jph2","57":"product_tag-jup","58":"product_tag-kat6b","59":"product_tag-klf10","60":"product_tag-kras","61":"product_tag-lama4","62":"product_tag-lamp2","63":"product_tag-ldb3","64":"product_tag-lmna","65":"product_tag-lrrc10","66":"product_tag-lztr1","67":"product_tag-map2k1","68":"product_tag-map2k2","69":"product_tag-med12","70":"product_tag-mras","71":"product_tag-mto1","72":"product_tag-mybpc3","73":"product_tag-myh6","74":"product_tag-myh7","75":"product_tag-myl2","76":"product_tag-myl3","77":"product_tag-mylk2","78":"product_tag-mylk3","79":"product_tag-myom1","80":"product_tag-myoz2","81":"product_tag-mypn","82":"product_tag-nebl","83":"product_tag-nexn","84":"product_tag-nf1","85":"product_tag-nkx2-5","86":"product_tag-nppa","87":"product_tag-nras","88":"product_tag-nsun2","89":"product_tag-pcca","90":"product_tag-pccb","91":"product_tag-pdlim3","92":"product_tag-pkp2","93":"product_tag-plekhm2","94":"product_tag-pln","95":"product_tag-ppa2","96":"product_tag-ppcs","97":"product_tag-ppp1cb","98":"product_tag-prdm16","99":"product_tag-prkag2","100":"product_tag-ptpn11","101":"product_tag-raf1","102":"product_tag-rasa1","103":"product_tag-rasa2","104":"product_tag-rbm20","105":"product_tag-rit1","106":"product_tag-rras","107":"product_tag-rras2","108":"product_tag-ryr2","109":"product_tag-scn5a","110":"product_tag-sdha","111":"product_tag-sgcd","112":"product_tag-shoc2","113":"product_tag-slc22a5","114":"product_tag-sos1","115":"product_tag-sos2","116":"product_tag-spred1","117":"product_tag-taz","118":"product_tag-tbx20","119":"product_tag-tcap","120":"product_tag-tmem43","121":"product_tag-tmem70","122":"product_tag-tmpo","123":"product_tag-tnnc1","124":"product_tag-tnni3","125":"product_tag-tnni3k","126":"product_tag-tnnt2","127":"product_tag-tpm1","128":"product_tag-ttn","129":"product_tag-ttr","130":"product_tag-txnrd2","131":"product_tag-vcl","132":"product_tag-ywhaz","134":"first","135":"instock","136":"shipping-taxable","137":"product-type-simple"},"_links":{"self":[{"href":"https:\/\/argeneticsar.com.ar\/index.php?rest_route=\/wp\/v2\/product\/456","targetHints":{"allow":["GET"]}}],"collection":[{"href":"https:\/\/argeneticsar.com.ar\/index.php?rest_route=\/wp\/v2\/product"}],"about":[{"href":"https:\/\/argeneticsar.com.ar\/index.php?rest_route=\/wp\/v2\/types\/product"}],"replies":[{"embeddable":true,"href":"https:\/\/argeneticsar.com.ar\/index.php?rest_route=%2Fwp%2Fv2%2Fcomments&post=456"}],"version-history":[{"count":0,"href":"https:\/\/argeneticsar.com.ar\/index.php?rest_route=\/wp\/v2\/product\/456\/revisions"}],"wp:attachment":[{"href":"https:\/\/argeneticsar.com.ar\/index.php?rest_route=%2Fwp%2Fv2%2Fmedia&parent=456"}],"wp:term":[{"taxonomy":"product_brand","embeddable":true,"href":"https:\/\/argeneticsar.com.ar\/index.php?rest_route=%2Fwp%2Fv2%2Fproduct_brand&post=456"},{"taxonomy":"product_cat","embeddable":true,"href":"https:\/\/argeneticsar.com.ar\/index.php?rest_route=%2Fwp%2Fv2%2Fproduct_cat&post=456"},{"taxonomy":"product_tag","embeddable":true,"href":"https:\/\/argeneticsar.com.ar\/index.php?rest_route=%2Fwp%2Fv2%2Fproduct_tag&post=456"}],"curies":[{"name":"wp","href":"https:\/\/api.w.org\/{rel}","templated":true}]}}