{"id":436,"date":"2025-02-21T14:21:04","date_gmt":"2025-02-21T14:21:04","guid":{"rendered":"http:\/\/nueva.argeneticsar.com.ar\/?product=nras-mutaciones-puntuales"},"modified":"2025-02-21T14:21:04","modified_gmt":"2025-02-21T14:21:04","slug":"nras-mutaciones-puntuales","status":"publish","type":"product","link":"https:\/\/argeneticsar.com.ar\/?product=nras-mutaciones-puntuales","title":{"rendered":"NRAS, Mutaciones Puntuales"},"content":{"rendered":"<p>An\u00e1lisis de variantes del gen NRAS, parte de la familia de oncogenes RAS (HRAS, NRAS y KRAS), frecuentemente alterados en neoplasias humanas como pulm\u00f3n (30%), colon (40%), p\u00e1ncreas (80%) y tiroides (55%). Est\u00e1 indicado para todos los pacientes con c\u00e1ncer de pulm\u00f3n de c\u00e9lulas no peque\u00f1as, especialmente en j\u00f3venes no fumadores con tumores escamosos, y en pacientes con c\u00e1ncer colorrectal metast\u00e1sico.<\/p>\n<p>Se recomienda realizar las pruebas RAS al momento del diagn\u00f3stico de tumores avanzados o metast\u00e1sicos, en biopsias diagn\u00f3sticas o quir\u00fargicas. Se informa la presencia o ausencia de mutaciones en el gen NRAS, y los resultados se entregan al profesional solicitante o a la persona designada.<\/p>\n<p>Las mutaciones en KRAS y NRAS se detectan en hasta el 50% de los pacientes con carcinoma colorrectal metast\u00e1sico. Los pacientes con c\u00e1ncer colorrectal con mutaciones RAS (ex\u00f3n 2, 3 o 4) no deben recibir terapias anti-EGFR como cetuximab o panitumumab.<\/p>\n<p>En melanomas, las mutaciones de NRAS se encuentran principalmente en pacientes mayores con exposici\u00f3n cr\u00f3nica a rayos UV y se asocian con mal pron\u00f3stico. Tambi\u00e9n son un mecanismo de resistencia adquirida a los inhibidores de BRAF. Aunque las mutaciones NRAS y BRAF suelen ser excluyentes, se han descrito casos con ambas mutaciones. Los pacientes con melanomas y mutaciones NRAS son candidatos a tratamiento con inhibidores de MEK como MEK162 o trametinib.<\/p>\n","protected":false},"excerpt":{"rendered":"<p>qPCR<\/p>\n","protected":false},"featured_media":0,"comment_status":"open","ping_status":"closed","template":"","meta":[],"product_brand":[],"product_cat":[18,19],"product_tag":[296],"class_list":{"0":"post-436","1":"product","2":"type-product","3":"status-publish","5":"product_cat-oncologia","6":"product_cat-oncologia-somatico","7":"product_tag-nras","9":"first","10":"instock","11":"shipping-taxable","12":"product-type-simple"},"_links":{"self":[{"href":"https:\/\/argeneticsar.com.ar\/index.php?rest_route=\/wp\/v2\/product\/436","targetHints":{"allow":["GET"]}}],"collection":[{"href":"https:\/\/argeneticsar.com.ar\/index.php?rest_route=\/wp\/v2\/product"}],"about":[{"href":"https:\/\/argeneticsar.com.ar\/index.php?rest_route=\/wp\/v2\/types\/product"}],"replies":[{"embeddable":true,"href":"https:\/\/argeneticsar.com.ar\/index.php?rest_route=%2Fwp%2Fv2%2Fcomments&post=436"}],"version-history":[{"count":0,"href":"https:\/\/argeneticsar.com.ar\/index.php?rest_route=\/wp\/v2\/product\/436\/revisions"}],"wp:attachment":[{"href":"https:\/\/argeneticsar.com.ar\/index.php?rest_route=%2Fwp%2Fv2%2Fmedia&parent=436"}],"wp:term":[{"taxonomy":"product_brand","embeddable":true,"href":"https:\/\/argeneticsar.com.ar\/index.php?rest_route=%2Fwp%2Fv2%2Fproduct_brand&post=436"},{"taxonomy":"product_cat","embeddable":true,"href":"https:\/\/argeneticsar.com.ar\/index.php?rest_route=%2Fwp%2Fv2%2Fproduct_cat&post=436"},{"taxonomy":"product_tag","embeddable":true,"href":"https:\/\/argeneticsar.com.ar\/index.php?rest_route=%2Fwp%2Fv2%2Fproduct_tag&post=436"}],"curies":[{"name":"wp","href":"https:\/\/api.w.org\/{rel}","templated":true}]}}