{"id":433,"date":"2025-02-21T14:20:58","date_gmt":"2025-02-21T14:20:58","guid":{"rendered":"http:\/\/nueva.argeneticsar.com.ar\/?product=egfr-mutaciones-puntuales"},"modified":"2025-02-21T14:20:58","modified_gmt":"2025-02-21T14:20:58","slug":"egfr-mutaciones-puntuales","status":"publish","type":"product","link":"https:\/\/argeneticsar.com.ar\/?product=egfr-mutaciones-puntuales","title":{"rendered":"EGFR, Mutaciones puntuales"},"content":{"rendered":"<p>An\u00e1lisis de mutaciones en el gen EGFR (Factor de Crecimiento Epid\u00e9rmico) en tejido tumoral. Est\u00e1 indicado para todos los pacientes con c\u00e1ncer de pulm\u00f3n de c\u00e9lulas no peque\u00f1as y, en algunos casos, para pacientes j\u00f3venes no fumadores con tumores escamosos. Se recomienda realizarlo en la pieza de biopsia diagn\u00f3stica o quir\u00fargica.<\/p>\n<p>El informe detalla la presencia o ausencia de mutaciones en el gen EGFR, y los resultados se entregan al profesional solicitante o a la persona designada. Este test permite la indicaci\u00f3n de terapias dirigidas contra EGFR, como gefitinib y erlotinib. Adem\u00e1s, el uso de osimertinib como tratamiento adyuvante durante 3 a\u00f1os ha sido aprobado en pacientes con carcinoma de pulm\u00f3n en estadios Ib-IIIA con mutaci\u00f3n activadora de EGFR.<\/p>\n","protected":false},"excerpt":{"rendered":"<p>qPCR<\/p>\n","protected":false},"featured_media":0,"comment_status":"open","ping_status":"closed","template":"","meta":[],"product_brand":[],"product_cat":[18,19],"product_tag":[358],"class_list":{"0":"post-433","1":"product","2":"type-product","3":"status-publish","5":"product_cat-oncologia","6":"product_cat-oncologia-somatico","7":"product_tag-egfr","9":"first","10":"instock","11":"shipping-taxable","12":"product-type-simple"},"_links":{"self":[{"href":"https:\/\/argeneticsar.com.ar\/index.php?rest_route=\/wp\/v2\/product\/433","targetHints":{"allow":["GET"]}}],"collection":[{"href":"https:\/\/argeneticsar.com.ar\/index.php?rest_route=\/wp\/v2\/product"}],"about":[{"href":"https:\/\/argeneticsar.com.ar\/index.php?rest_route=\/wp\/v2\/types\/product"}],"replies":[{"embeddable":true,"href":"https:\/\/argeneticsar.com.ar\/index.php?rest_route=%2Fwp%2Fv2%2Fcomments&post=433"}],"version-history":[{"count":0,"href":"https:\/\/argeneticsar.com.ar\/index.php?rest_route=\/wp\/v2\/product\/433\/revisions"}],"wp:attachment":[{"href":"https:\/\/argeneticsar.com.ar\/index.php?rest_route=%2Fwp%2Fv2%2Fmedia&parent=433"}],"wp:term":[{"taxonomy":"product_brand","embeddable":true,"href":"https:\/\/argeneticsar.com.ar\/index.php?rest_route=%2Fwp%2Fv2%2Fproduct_brand&post=433"},{"taxonomy":"product_cat","embeddable":true,"href":"https:\/\/argeneticsar.com.ar\/index.php?rest_route=%2Fwp%2Fv2%2Fproduct_cat&post=433"},{"taxonomy":"product_tag","embeddable":true,"href":"https:\/\/argeneticsar.com.ar\/index.php?rest_route=%2Fwp%2Fv2%2Fproduct_tag&post=433"}],"curies":[{"name":"wp","href":"https:\/\/api.w.org\/{rel}","templated":true}]}}